{"id":758,"date":"2023-11-09T22:49:04","date_gmt":"2023-11-10T01:49:04","guid":{"rendered":"https:\/\/juguetescs.com\/?post_type=product&#038;p=758"},"modified":"2025-10-30T12:51:43","modified_gmt":"2025-10-30T15:51:43","slug":"cactus-musical","status":"publish","type":"product","link":"https:\/\/juguetescs.com\/index.php\/product\/cactus-musical\/","title":{"rendered":"CACTUS MUSICAL"},"content":{"rendered":"<p><span data-sheets-value=\"{&quot;1&quot;:2,&quot;2&quot;:&quot;Con tan solo prenderlo ya estar\u00e1 repitiendo de forma continua y divertida todo lo que le hables estando cerca. El cactus baila y canta al ritmo de la m\u00fasica m\u00e1s de 50 canciones de las m\u00e1s conocidas por los chicos. MEDIDA 32cmx12cm&quot;}\" data-sheets-userformat=\"{&quot;2&quot;:14851,&quot;3&quot;:{&quot;1&quot;:0},&quot;4&quot;:{&quot;1&quot;:2,&quot;2&quot;:16777215},&quot;12&quot;:0,&quot;14&quot;:{&quot;1&quot;:2,&quot;2&quot;:6710886},&quot;15&quot;:&quot;\\&quot;Proxima Nova\\&quot;, -apple-system, Roboto, Arial, sans-serif&quot;,&quot;16&quot;:9}\">Con tan solo prenderlo ya estar\u00e1 repitiendo de forma continua y divertida todo lo que le hables estando cerca. El cactus baila y canta al ritmo de la m\u00fasica m\u00e1s de 50 canciones de las m\u00e1s conocidas por los chicos. MEDIDA 32cmx12cm<\/span><\/p>\n","protected":false},"excerpt":{"rendered":"<p><span data-sheets-value=\"{&quot;1&quot;:2,&quot;2&quot;:&quot;Con tan solo prenderlo ya estar\u00e1 repitiendo de forma continua y divertida todo lo que le hables estando cerca. El cactus baila y canta al ritmo de la m\u00fasica m\u00e1s de 50 canciones de las m\u00e1s conocidas por los chicos. MEDIDA 32cmx12cm&quot;}\" data-sheets-userformat=\"{&quot;2&quot;:14851,&quot;3&quot;:{&quot;1&quot;:0},&quot;4&quot;:{&quot;1&quot;:2,&quot;2&quot;:16777215},&quot;12&quot;:0,&quot;14&quot;:{&quot;1&quot;:2,&quot;2&quot;:6710886},&quot;15&quot;:&quot;\\&quot;Proxima Nova\\&quot;, -apple-system, Roboto, Arial, sans-serif&quot;,&quot;16&quot;:9}\">Con tan solo prenderlo ya estar\u00e1 repitiendo de forma continua y divertida todo lo que le hables estando cerca. El cactus baila y canta al ritmo de la m\u00fasica m\u00e1s de 50 canciones de las m\u00e1s conocidas por los chicos. MEDIDA 32cmx12cm<\/span><\/p>\n","protected":false},"featured_media":761,"template":"","meta":{"_joinchat":[]},"product_brand":[],"product_cat":[48],"product_tag":[],"class_list":{"0":"post-758","1":"product","2":"type-product","3":"status-publish","4":"has-post-thumbnail","6":"product_cat-novedades-2026","8":"first","9":"instock","10":"shipping-taxable","11":"purchasable","12":"product-type-simple"},"_links":{"self":[{"href":"https:\/\/juguetescs.com\/index.php\/wp-json\/wp\/v2\/product\/758"}],"collection":[{"href":"https:\/\/juguetescs.com\/index.php\/wp-json\/wp\/v2\/product"}],"about":[{"href":"https:\/\/juguetescs.com\/index.php\/wp-json\/wp\/v2\/types\/product"}],"wp:featuredmedia":[{"embeddable":true,"href":"https:\/\/juguetescs.com\/index.php\/wp-json\/wp\/v2\/media\/761"}],"wp:attachment":[{"href":"https:\/\/juguetescs.com\/index.php\/wp-json\/wp\/v2\/media?parent=758"}],"wp:term":[{"taxonomy":"product_brand","embeddable":true,"href":"https:\/\/juguetescs.com\/index.php\/wp-json\/wp\/v2\/product_brand?post=758"},{"taxonomy":"product_cat","embeddable":true,"href":"https:\/\/juguetescs.com\/index.php\/wp-json\/wp\/v2\/product_cat?post=758"},{"taxonomy":"product_tag","embeddable":true,"href":"https:\/\/juguetescs.com\/index.php\/wp-json\/wp\/v2\/product_tag?post=758"}],"curies":[{"name":"wp","href":"https:\/\/api.w.org\/{rel}","templated":true}]}}