{"id":625,"date":"2023-11-09T18:44:33","date_gmt":"2023-11-09T21:44:33","guid":{"rendered":"https:\/\/juguetescs.com\/?post_type=product&#038;p=625"},"modified":"2026-03-31T15:43:05","modified_gmt":"2026-03-31T18:43:05","slug":"julieta-gigante-con-sonido","status":"publish","type":"product","link":"https:\/\/juguetescs.com\/index.php\/product\/julieta-gigante-con-sonido\/","title":{"rendered":"JULIETA GIGANTE CON SONIDO"},"content":{"rendered":"<p><span data-sheets-value=\"{&quot;1&quot;:2,&quot;2&quot;:&quot;Mu\u00f1eca Julieta Gigante Original De Cari\u00f1ito 72 Cm. - Divertida mu\u00f1eca gigante!. Es tan grande como vos!Pilas: 3 Pilas de reloj LR44 (Incluidas) . Dice 11 frases distintas. Los modelos varian segun stock disponible.&quot;}\" data-sheets-userformat=\"{&quot;2&quot;:14851,&quot;3&quot;:{&quot;1&quot;:0},&quot;4&quot;:{&quot;1&quot;:2,&quot;2&quot;:16777215},&quot;12&quot;:0,&quot;14&quot;:{&quot;1&quot;:2,&quot;2&quot;:6710886},&quot;15&quot;:&quot;\\&quot;Proxima Nova\\&quot;, -apple-system, Roboto, Arial, sans-serif&quot;,&quot;16&quot;:11}\">Mu\u00f1eca Julieta Gigante Original De Cari\u00f1ito 72 Cm. &#8211; Divertida mu\u00f1eca gigante!. Es tan grande como vos!Pilas: 3 Pilas de reloj LR44 (Incluidas) . Dice 11 frases distintas. Los modelos varian segun stock disponible.<\/span><\/p>\n","protected":false},"excerpt":{"rendered":"<p><span data-sheets-value=\"{&quot;1&quot;:2,&quot;2&quot;:&quot;Mu\u00f1eca Julieta Gigante Original De Cari\u00f1ito 72 Cm. - Divertida mu\u00f1eca gigante!. Es tan grande como vos!Pilas: 3 Pilas de reloj LR44 (Incluidas) . Dice 11 frases distintas. Los modelos varian segun stock disponible.&quot;}\" data-sheets-userformat=\"{&quot;2&quot;:14851,&quot;3&quot;:{&quot;1&quot;:0},&quot;4&quot;:{&quot;1&quot;:2,&quot;2&quot;:16777215},&quot;12&quot;:0,&quot;14&quot;:{&quot;1&quot;:2,&quot;2&quot;:6710886},&quot;15&quot;:&quot;\\&quot;Proxima Nova\\&quot;, -apple-system, Roboto, Arial, sans-serif&quot;,&quot;16&quot;:11}\">Mu\u00f1eca Julieta Gigante Original De Cari\u00f1ito 72 Cm. &#8211; Divertida mu\u00f1eca gigante!. Es tan grande como vos!Pilas: 3 Pilas de reloj LR44 (Incluidas) . Dice 11 frases distintas. Los modelos varian segun stock disponible.<\/span><\/p>\n","protected":false},"featured_media":626,"template":"","meta":{"_joinchat":[]},"product_brand":[],"product_cat":[43],"product_tag":[],"class_list":{"0":"post-625","1":"product","2":"type-product","3":"status-publish","4":"has-post-thumbnail","6":"product_cat-munecas-con-mecanismo","8":"first","9":"instock","10":"shipping-taxable","11":"purchasable","12":"product-type-simple"},"_links":{"self":[{"href":"https:\/\/juguetescs.com\/index.php\/wp-json\/wp\/v2\/product\/625"}],"collection":[{"href":"https:\/\/juguetescs.com\/index.php\/wp-json\/wp\/v2\/product"}],"about":[{"href":"https:\/\/juguetescs.com\/index.php\/wp-json\/wp\/v2\/types\/product"}],"wp:featuredmedia":[{"embeddable":true,"href":"https:\/\/juguetescs.com\/index.php\/wp-json\/wp\/v2\/media\/626"}],"wp:attachment":[{"href":"https:\/\/juguetescs.com\/index.php\/wp-json\/wp\/v2\/media?parent=625"}],"wp:term":[{"taxonomy":"product_brand","embeddable":true,"href":"https:\/\/juguetescs.com\/index.php\/wp-json\/wp\/v2\/product_brand?post=625"},{"taxonomy":"product_cat","embeddable":true,"href":"https:\/\/juguetescs.com\/index.php\/wp-json\/wp\/v2\/product_cat?post=625"},{"taxonomy":"product_tag","embeddable":true,"href":"https:\/\/juguetescs.com\/index.php\/wp-json\/wp\/v2\/product_tag?post=625"}],"curies":[{"name":"wp","href":"https:\/\/api.w.org\/{rel}","templated":true}]}}