{"id":2037,"date":"2024-08-01T16:02:56","date_gmt":"2024-08-01T19:02:56","guid":{"rendered":"https:\/\/juguetescs.com\/?post_type=product&#038;p=2037"},"modified":"2025-04-08T12:37:09","modified_gmt":"2025-04-08T15:37:09","slug":"joystick-desafio","status":"publish","type":"product","link":"https:\/\/juguetescs.com\/index.php\/product\/joystick-desafio\/","title":{"rendered":"JOYSTICK DESAFIO"},"content":{"rendered":"<p>Mir\u00e1, record\u00e1 y repet\u00ed! Objetivo: repetir combinaciones de botones de luz. El nivel de dificultad aumenta con el avance en el juego. Cada pulsaci\u00f3n del bot\u00f3n va acompa\u00f1ada de una se\u00f1al sonora individual. Luego de apagar el juego, podr\u00e1s volver al nivel anterior alcanzado con el bot\u00f3n cruz. Funciona con 2 pilas AA (no incluidas). Medida aprox: 14cm x 10cm.<\/p>\n","protected":false},"excerpt":{"rendered":"<p>Mir\u00e1, record\u00e1 y repet\u00ed! Objetivo: repetir combinaciones de botones de luz. El nivel de dificultad aumenta con el avance en el juego. Cada pulsaci\u00f3n del bot\u00f3n va acompa\u00f1ada de una se\u00f1al sonora individual. Luego de apagar el juego, podr\u00e1s volver al nivel anterior alcanzado con el bot\u00f3n cruz. Funciona con 2 pilas AA (no incluidas). [&hellip;]<\/p>\n","protected":false},"featured_media":2039,"template":"","meta":{"_joinchat":[]},"product_brand":[],"product_cat":[48],"product_tag":[],"class_list":{"0":"post-2037","1":"product","2":"type-product","3":"status-publish","4":"has-post-thumbnail","6":"product_cat-novedades-2026","8":"first","9":"instock","10":"shipping-taxable","11":"purchasable","12":"product-type-simple"},"_links":{"self":[{"href":"https:\/\/juguetescs.com\/index.php\/wp-json\/wp\/v2\/product\/2037"}],"collection":[{"href":"https:\/\/juguetescs.com\/index.php\/wp-json\/wp\/v2\/product"}],"about":[{"href":"https:\/\/juguetescs.com\/index.php\/wp-json\/wp\/v2\/types\/product"}],"wp:featuredmedia":[{"embeddable":true,"href":"https:\/\/juguetescs.com\/index.php\/wp-json\/wp\/v2\/media\/2039"}],"wp:attachment":[{"href":"https:\/\/juguetescs.com\/index.php\/wp-json\/wp\/v2\/media?parent=2037"}],"wp:term":[{"taxonomy":"product_brand","embeddable":true,"href":"https:\/\/juguetescs.com\/index.php\/wp-json\/wp\/v2\/product_brand?post=2037"},{"taxonomy":"product_cat","embeddable":true,"href":"https:\/\/juguetescs.com\/index.php\/wp-json\/wp\/v2\/product_cat?post=2037"},{"taxonomy":"product_tag","embeddable":true,"href":"https:\/\/juguetescs.com\/index.php\/wp-json\/wp\/v2\/product_tag?post=2037"}],"curies":[{"name":"wp","href":"https:\/\/api.w.org\/{rel}","templated":true}]}}