{"id":1649,"date":"2024-03-18T01:11:53","date_gmt":"2024-03-18T04:11:53","guid":{"rendered":"https:\/\/juguetescs.com\/?post_type=product&#038;p=1649"},"modified":"2026-03-31T14:50:22","modified_gmt":"2026-03-31T17:50:22","slug":"aurora-loveedition-42cm","status":"publish","type":"product","link":"https:\/\/juguetescs.com\/index.php\/product\/aurora-loveedition-42cm\/","title":{"rendered":"AURORA LOVEEDITION 42CM"},"content":{"rendered":"<p>Bebote apariencia real 42cm, ESTA DURMIENDO CON LOS OJITOS CERRADOS!! Sexo definido nena. Todo el cuerpo de plastisol. Es articulado brazos y piernas para arriba\/abajo. Se puede ba\u00f1ar!Trae Dni de Papel. Modelo de Ropa :OSITO ALGODON DE BEBE .Incluye chupete, mamadera y bolsa de presentaci\u00f3n. Los estampados y colores var\u00edan seg\u00fan stock disponible.<\/p>\n","protected":false},"excerpt":{"rendered":"<p>Bebote apariencia real 42cm, ESTA DURMIENDO CON LOS OJITOS CERRADOS!! Sexo definido nena. Todo el cuerpo de plastisol. Es articulado brazos y piernas para arriba\/abajo. Se puede ba\u00f1ar!Trae Dni de Papel. Modelo de Ropa :OSITO ALGODON DE BEBE .Incluye chupete, mamadera y bolsa de presentaci\u00f3n. Los estampados y colores var\u00edan seg\u00fan stock disponible.<\/p>\n","protected":false},"featured_media":1662,"template":"","meta":{"_joinchat":[]},"product_brand":[],"product_cat":[28],"product_tag":[],"class_list":{"0":"post-1649","1":"product","2":"type-product","3":"status-publish","4":"has-post-thumbnail","6":"product_cat-bebotes-reales-premium-y-kits","8":"first","9":"instock","10":"shipping-taxable","11":"purchasable","12":"product-type-variable"},"_links":{"self":[{"href":"https:\/\/juguetescs.com\/index.php\/wp-json\/wp\/v2\/product\/1649"}],"collection":[{"href":"https:\/\/juguetescs.com\/index.php\/wp-json\/wp\/v2\/product"}],"about":[{"href":"https:\/\/juguetescs.com\/index.php\/wp-json\/wp\/v2\/types\/product"}],"wp:featuredmedia":[{"embeddable":true,"href":"https:\/\/juguetescs.com\/index.php\/wp-json\/wp\/v2\/media\/1662"}],"wp:attachment":[{"href":"https:\/\/juguetescs.com\/index.php\/wp-json\/wp\/v2\/media?parent=1649"}],"wp:term":[{"taxonomy":"product_brand","embeddable":true,"href":"https:\/\/juguetescs.com\/index.php\/wp-json\/wp\/v2\/product_brand?post=1649"},{"taxonomy":"product_cat","embeddable":true,"href":"https:\/\/juguetescs.com\/index.php\/wp-json\/wp\/v2\/product_cat?post=1649"},{"taxonomy":"product_tag","embeddable":true,"href":"https:\/\/juguetescs.com\/index.php\/wp-json\/wp\/v2\/product_tag?post=1649"}],"curies":[{"name":"wp","href":"https:\/\/api.w.org\/{rel}","templated":true}]}}